e c(6).
-10
Let b(r) = -29*r + 155. Give b(5).
10
Let q(c) = -c**2 + 29*c - 26. Determine q(28).
2
Let l(v) = -3*v + 20. What is l(9)?
-7
Let o(s) = s + 2. Determine o(5).
7
Let g(r) = -r**3 - 4*r**2 + 2*r + 3. What is g(-4)?
-5
Let g(x) = -x**3 + 9*x**2 - 14*x - 16. What is g(7)?
-16
Let v(y) = y**3 - 16*y**2 - 12*y - 30. Give v(17).
55
Let m(g) = -43*g + 71. Calculate m(1).
28
Let m(u) = -u**2 - 51*u - 379. What is m(-9)?
-1
Let x(s) = s**3 - 6*s**2 - 2*s + 10. Give x(6).
-2
Let l(x) = 14*x**2 + 1. What is l(1)?
15
Let s(p) = -7*p + 38. Determine s(20).
-102
Let j(t) = -t**2 + 3*t - 4. Give j(3).
-4
Let f(m) = 2*m + 37. Calculate f(-9).
19
Let b(i) = -2*i**2 - 13*i + 45. Give b(8).
-187
Let l(b) = b**2 + 15*b - 1. Calculate l(-15).
-1
Let k(f) = f**2 + 11*f + 17. What is k(-2)?
-1
Let m(n) = 4*n + 6. Give m(-3).
-6
Let l(k) = -k + 1. Give l(-7).
8
Let r(t) = -t - 23. Calculate r(-26).
3
Let h(u) = -u**3 + 6*u**2 - 5*u + 1. Determine h(5).
1
Let q(g) = g + 4. Give q(-5).
-1
Let i(q) = -2*q**2 + 2*q - 2. What is i(-6)?
-86
Let h(v) = 15*v**2 - 79*v + 6. Determine h(5).
-14
Let d(k) = -11*k + 6. What is d(4)?
-38
Let q(h) = 11*h - 28. Determine q(5).
27
Let i(d) = 15*d**3 + d**2 - 1. Calculate i(-1).
-15
Let s(l) = 9*l - 66. What is s(5)?
-21
Let l(m) = -m**3 + 8*m**2 - 8*m - 14. Give l(9).
-167
Let g(d) = -d**2 - 9*d - 4. Calculate g(-11).
-26
Let t(o) = o**3 + 18*o**2 + 2*o + 32. Determine t(-18).
-4
Let x(n) = -12*n + 79. Give x(7).
-5
Let m(h) = h**3 - 32*h**2 + h - 21. What is m(32)?
11
Let c(m) = -m**3 + 8*m**2 - 5*m - 9. What is c(7)?
5
Let v(u) = -u + 3. Determine v(7).
-4
Let p(w) = -7*w - 58. Give p(-12).
26
Let v(p) = -9*p**2 + 14*p + 13. Determine v(-1).
-10
Let n(o) = 3*o + 28. Determine n(-8).
4
Let p(t) = -9*t**2 + 52*t + 12. Calculate p(6).
0
Let z(r) = -r**3 - 3*r**2 - 2*r - 2. Give z(-3).
4
Let t(b) = -b**3 + 10*b - 3. Determine t(4).
-27
Let q(d) = d**3 - 16*d**2 - 18*d + 5. Calculate q(17).
-12
Let n(s) = s**3 + 3*s**2 - 11*s - 2. Determine n(-5).
3
Let v(u) = -u**3 + 18*u**2 + 18*u + 23. Calculate v(19).
4
Let j(h) = -h**2 + 2*h - 5. What is j(2)?
-5
Let q(g) = 18*g - 3. Determine q(2).
33
Let m(s) = -2*s - 11. Give m(-19).
27
Let i(m) = -m**3 + m**2 + 2*m - 10. Give i(0).
-10
Let w(s) = -s**3 + 16*s**2 - 3*s - 13. Calculate w(16).
-61
Let f(i) = i**3 + 16*i**2 - 2*i - 19. Determine f(-16).
13
Let n(x) = -x**3 - 6*x**2 + 24*x + 20. Determine n(-8).
-44
Let l(p) = -p**2 + 12*p + 32. Give l(12).
32
Let h(c) = -35*c + 11. What is h(3)?
-94
Let l(x) = x**2 + 14*x + 9. Give l(-17).
60
Let o(j) = -j**2 - j + 6. Give o(0).
6
Let g(x) = -x + 3. Give g(-7).
10
Let s(j) = j**3 - 2*j**2 - 3*j + 7. Determine s(3).
7
Let a(f) = 2*f**2 - 8*f + 5. What is a(3)?
-1
Let d(y) = -76*y - 24. What is d(-2)?
128
Let v(f) = -5*f**3 + 25*f**2 + 1. Determine v(5).
1
Let z(u) = -2*u**3 - 20*u**2 + 2*u + 20. What is z(-10)?
0
Let j(h) = -27*h + 39. What is j(4)?
-69
Let s(f) = f + 1. Determine s(5).
6
Let w(y) = -13*y - 37. Calculate w(-3).
2
Let t(v) = 12*v**3 + v**2 - v - 4. Give t(-2).
-94
Let a(l) = -l**3 + 12*l**2 + 45*l + 3. What is a(15)?
3
Let a(r) = 10*r + 7. Calculate a(11).
117
Let m(n) = 6*n + 15. Calculate m(-6).
-21
Let i(n) = 17*n - 163. Determine i(10).
7
Let o(s) = 2*s + 33. What is o(-16)?
1
Let b(t) = -t + 12. What is b(7)?
5
Let n(p) = -6*p - 30. Give n(-5).
0
Let k(p) = 2*p**2 - 134*p - 10. Give k(67).
-10
Let q(z) = z**3 - 21*z**2 - 42*z - 73. Calculate q(23).
19
Let b(g) = 2*g - 5. Give b(5).
5
Let s(v) = 11*v + 4. Determine s(-2).
-18
Let o(c) = -c**2 + 21*c - 3. Calculate o(8).
101
Let g(f) = f**2 + 16*f - 180. Calculate g(8).
12
Let t(c) = c + 30. What is t(-34)?
-4
Let q(l) = -2*l**2 - 14*l + 1. Give q(-11).
-87
Let l(j) = j**3 + 3*j**2 - 4*j - 7. Calculate l(-4).
-7
Let t(r) = -r**3 - 7*r**2 - 6*r - 1. What is t(-6)?
-1
Let m(i) = i**3 - 37*i**2 + 32*i + 141. Determine m(36).
-3
Let a(c) = -c**2 + 13*c - 4. Give a(9).
32
Let u(t) = -14*t**2 - 4*t + 3. What is u(2)?
-61
Let t(v) = v**2 - 20. Give t(7).
29
Let k(y) = -y**2 - y - 9. Give k(0).
-9
Let a(s) = s**3 - 16*s**2 - 17*s - 7. What is a(17)?
-7
Let w(b) = 12*b + 20. Determine w(-2).
-4
Let f(n) = -n**2 - 17*n - 22. Give f(-16).
-6
Let r(d) = -d**2 - 19*d - 34. Give r(-10).
56
Let t(r) = r**3 + 6*r**2 - 20*r - 19. Determine t(-8).
13
Let b(w) = -43*w**3 + 4*w - 3. Calculate b(1).
-42
Let d(m) = m**2 + 4*m - 9. Determine d(-5).
-4
Let x(k) = -2*k**2 - 74*k + 10. What is x(-37)?
10
Let n(r) = -r**3 - 9*r**2 - 8*r - 2. Determine n(-7).
-44
Let g(l) = -l**3 - 8*l**2 - 11*l - 30. Determine g(-7).
-2
Let s(d) = -d**2 + 80*d + 1097. Determine s(-12).
-7
Let k(i) = -i**3 - i**2 + 13*i + 16. What is k(-4)?
12
Let k(y) = -y - 4. Determine k(5).
-9
Let d(q) = -q**3 + 7*q**2 + 18*q + 22. Calculate d(9).
22
Let n(r) = -16*r - 89. Give n(-6).
7
Let y(d) = d**3 + 5*d**2 - 3*d + 8. What is y(-5)?
23
Let r(l) = l**2 - 3*l - 20. What is r(0)?
-20
Let y(u) = -u**3 - 3*u**2 + 5. Determine y(-4).
21
Let v(o) = -2*o. Determine v(-7).
14
Let o(p) = -3*p - 5. Calculate o(-10).
25
Let w(u) = 4*u - 19. What is w(-7)?
-47
Let a(s) = 38*s. What is a(-1)?
-38
Let v(h) = -27*h + 1005. What is v(37)?
6
Let u(w) = 10*w - 209. What is u(21)?
1
Let w(n) = -3*n**2 - 16*n + 9. Calculate w(-6).
-3
Let f(p) = p**3 + 14*p**2 + 14*p + 6. Determine f(-13).
-7
Let s(u) = u**3 + 6*u**2 - u + 36. Calculate s(-7).
-6
Let x(b) = b**3 - 3*b**2 + 2*b - 10. What is x(3)?
-4
Let x(f) = -11*f + 7. Determine x(5).
-48
Let n(y) = 3*y - 50. Calculate n(21).
13
Let v(w) = w**3 - 7*w**2 - w + 12. Give v(7).
5
Let b(l) = 5*l**3 + l + 1. Calculate b(-1).
-5
Let z(s) = s**3 - 21*s**2 + 97*s + 9. Determine z(7).
2
Let v(n) = n**2 + 4*n - 1. What is v(-5)?
4
Let f(k) = -k**2 + 7*k - 9. Give f(6).
-3
Let z(u) = u**2 + 6*u - 2. What is z(-4)?
-10
Let q(v) = 2*v**2 - 90*v + 83. Determine q(44).
-5
Let y(x) = -8*x - 6. What is y(-2)?
10
Let j(g) = -g**2 - 24*g - 31. What is j(-23)?
-8
Let j(n) = n**3 + 3*n - 9. Give j(2).
5
Let s(q) = 4*q - 65. Determine s(5).
-45
Let d(j) = j**2 - 37*j + 77. Determine d(2).
7
Let r(c) = -5*c - 242. Calculate r(-49).
3
Let m(i) = -i**3 + 10*i**2 - 9*i + 7. Give m(9).
7
Let p(b) = 13*b**3 + 2*b + 2. What is p(-1)?
-13
Let u(l) = -l**2 + 4*l - 10. Determine u(6).
-22
Let w(g) = -g**2 + 9*g + 11. Give w(-2).
-11
Let z(o) = -5*o - 92. Give z(-27).
43
Let m(n) = 3*n - 2. Give m(-11).
-35
Let z(o) = -o**2 - 7*o + 2. Calculate z(-6).
8
Let g(r) = -r**3 + 9*r**2 - 14*r + 1. Give g(6).
25
Let o(j) = -j**2 + 14*j - 23. Calculate o(12).
1
Let z(d) = -d**3 - 18*d**2 - 19*d - 26. What is z(-17)?
8
Let z(j) = -2*j**3 - 62*j**2 + 67*j + 103. What is z(-32)?
7
Let i(r) = 4*r + 6. Calculate i(-3).
-6
Let p(d) = 2*d**2 + d - 1. Calculate p(-2).
5
Let m(r) = -r**3 - r**2 - 15*r + 13. Calculate m(0).
13
Let s(j) = -7*j - 2. What is s(0)?
-2
Let g(w) = 2*w. What is g(5)?
10
Let j(r) = r**2 - 8*r + 6. What is j(7)?
-1
Let u(s) = -3*s**2 + 6*s - 5. Determine u(2).
-5
Let x(f) = 9*f - 61. Give x(6).
-7
Let s(q) = 17*q**2 - 101*q - 7. What is s(6)?
-1
Let c(a) = 29*a - 151. Calculate c(6).
23
Let z(s) = 3*s - 33. Calculate z(-3).
-42
Let p(r) = -r**2 + 14*r - 24. Calculate p(13).
-11
Let w(z) = -41*z**2 - 9*z + 10. Give w(1).
-40
Let y(o) = o**3 - 19*o**2 - 44*o + 37. What is y(21)?
-5
Let l(b) = 12*b**2 + 612*b. What is l(-51)?
0
Let d(g) = g**3 + 12*g**2 + 8*g - 19. Calculate d(-11).
14
Let s(q) = -q**3 + 5*q**2 + q + 14. What is s(6)?
-16
Let j(z) = z + 1. Give j(-4).
-3
Let u(n) = 6*n + 207. Determine u(-34).
3
Let i(v) = 3*v**2 - v + 1. Determine i(1).
3
Let z(n) = n**2 + 3*n + 11. What is z(0)?
11
Let k(w) = -2*w**3 + 2*w - 3. What is k(2)?
-15
Let a(j) = 2*j - 6. Give a(1).
-4
Let g(o) = -11*o + 75. Give g(8).
-13
Let t(l) = -l**3 + 8*l**2 + 2*l - 10. Give t(9).
-73
Let x(j) = 5*j + 10. Calculate x(14).
80
Let z(p) = 3*p + 10. Determine z(-4).
-2
Let g(i) = -i + 17. Calculate g(-9).
26
Let f(d) = -2*d**3 + 2*d**2 - 2. What is f(-2)?
22
Let s(h) = -h**3 - 3*h**2 + 36*h + 25. Give s(-7).
-31
Let a(f) = f**2 + 3*f - 5. Give a(-4).
-1
Let c(k) = 2*k - 6. Give c(-12).
-30
Let u(j) = 18*j - 10. Calculate u(-3).
-64
Let t(l) = -l**3 + 16*l**2 - 4*l - 164. What is t(15)?
1
Let t(h) = -20*h + 37. Give t(2).
-3
Let m(b) = 